
Is 4225 a factor of 23825111?
False
Is 3683959 a multiple of 13?
False
Does 82 divide 3131390?
False
Is 1086717068 a multiple of 1254?
False
Is 8599955 a multiple of 287?
True
Is 499488609 a multiple of 7?
False
Is 259 a factor of 118218446?
False
Is 165 a factor of 84140595?
True
Is 692 a factor of 658838668?
True
Is 244627599 a multiple of 38?
False
Does 656 divide 213511600?
True
Does 1567 divide 197461345?
False
Is 1040 a factor of 42574782?
False
Is 11 a factor of 263499349?
False
Is 27 a factor of 1300668754?
False
Is 1087 a factor of 44026761?
True
Does 20 divide 65144499?
False
Does 217 divide 4099781?
True
Is 11819497 a multiple of 454?
False
Is 984 a factor of 437674772?
False
Is 264 a factor of 15898583?
False
Is 11337 a factor of 2463386227?
False
Does 3 divide 41817743?
False
Is 20507982 a multiple of 33?
True
Is 792 a factor of 160214011?
False
Does 3 divide 618587346?
True
Is 39497569 a multiple of 86?
False
Does 437 divide 999121935?
False
Does 291 divide 438730382?
False
Does 21 divide 79311091?
False
Is 9 a factor of 21097224?
True
Is 15286909 a multiple of 62?
False
Does 77 divide 105740713?
False
Does 91 divide 182358996?
False
Does 636 divide 79542612?
True
Does 22 divide 5436060429?
False
Does 282 divide 32736263?
False
Is 453835669 a multiple of 6135?
False
Does 88 divide 20885773?
False
Does 6439 divide 2405629717?
True
Is 385 a factor of 137084255?
True
Is 555530834 a multiple of 97?
True
Does 300 divide 46175377?
False
Is 693 a factor of 46737999?
True
Does 101 divide 283525752?
False
Is 135473 a multiple of 13?
True
Does 883 divide 94528682?
True
Is 87933797 a multiple of 387?
False
Is 996919243 a multiple of 1004?
False
Does 123 divide 83837820?
False
Is 44275124 a multiple of 12?
False
Does 1433 divide 3016622738?
False
Does 60 divide 23360177?
False
Is 1563406512 a multiple of 16?
True
Is 355 a factor of 28152565?
True
Is 12673089 even?
False
Does 7 divide 695079144?
False
Does 8 divide 132979819?
False
Is 127452866 a multiple of 4?
False
Is 30 a factor of 89401440?
True
Is 3818931 a multiple of 38?
False
Is 19 a factor of 3319509?
True
Is 6 a factor of 6454632?
True
Is 61 a factor of 1825003307?
True
Does 4072 divide 721815285?
False
Does 303 divide 524117866?
False
Is 161 a factor of 5719364?
True
Is 12132030 a multiple of 614?
False
Is 1288 a factor of 15525858?
False
Is 2010 a factor of 289157868?
False
Does 36 divide 3106080?
True
Is 4016061 a multiple of 12?
False
Is 27 a factor of 3051756486?
True
Is 1193563584 a multiple of 3629?
True
Is 2794 a factor of 117537992?
True
Is 1056 a factor of 21791049?
False
Is 21147672 a multiple of 276?
True
Does 4 divide 45908208?
True
Is 1647 a factor of 349854093?
True
Is 2448042047 a multiple of 11?
True
Is 1268261465 a multiple of 443?
False
Is 17 a factor of 2003420779?
False
Is 170 a factor of 224627075?
False
Is 780866303 a multiple of 9?
False
Is 57022308 a multiple of 327?
False
Does 902 divide 16519276?
False
Is 22 a factor of 2255418?
True
Is 11 a factor of 80404335?
True
Does 7 divide 2304426138?
True
Is 6 a factor of 22889820?
True
Is 1023967827 a multiple of 205?
False
Is 458901329 a multiple of 957?
False
Is 13 a factor of 409398769?
True
Is 609034225 a multiple of 1809?
False
Does 691 divide 65201405?
False
Does 194 divide 65315232?
False
Does 506 divide 97176578?
False
Is 1135759743 a multiple of 185?
False
Is 9717972 a multiple of 4?
True
Does 75 divide 35710800?
True
Is 7839 a factor of 486943192?
False
Is 20807640 a multiple of 12?
True
Is 89 a factor of 26617497?
True
Does 5140 divide 2615761420?
True
Is 70156656 a multiple of 16?
True
Is 281355480 a multiple of 9?
True
Does 24 divide 295349830?
False
Is 39 a factor of 1139989929?
True
Is 27749729 a multiple of 426?
False
Is 82733798 a multiple of 119?
True
Is 151090358 a multiple of 613?
False
Does 9 divide 30969023?
False
Is 251 a factor of 242394214?
True
Does 704 divide 64379392?
True
Is 570245274 a multiple of 5707?
False
Is 374 a factor of 43923308?
True
Does 59 divide 178837555?
True
Is 16 a factor of 8120605632?
True
Is 141756833 a multiple of 101?
True
Does 95 divide 52653560?
True
Does 176 divide 1625334656?
True
Does 69 divide 256443883?
False
Is 23121330 a multiple of 1609?
True
Does 2152 divide 828530760?
True
Does 583 divide 436137636?
True
Is 21361996 a multiple of 1268?
True
Is 4589412 a multiple of 72?
False
Is 106959491 a multiple of 1290?
False
Does 13 divide 28843590?
False
Does 4361 divide 299369567?
True
Does 455 divide 1344099?
False
Is 191938024 a multiple of 17?
True
Is 8 a factor of 3339348050?
False
Is 19809244 a multiple of 27?
False
Is 13 a factor of 32811779?
True
Does 99 divide 3659634?
True
Is 9121464 a multiple of 242?
True
Is 2673317851 a multiple of 13?
False
Is 46 a factor of 256852386?
False
Is 1685857 a multiple of 50?
False
Is 334079226 a multiple of 39?
True
Does 4 divide 171147520?
True
Does 3277 divide 641718525?
True
Does 91 divide 3218761?
True
Is 614386227 a multiple of 21?
True
Does 10 divide 9868100?
True
Does 146 divide 397221032?
True
Does 279 divide 23554575?
True
Is 13642194 a multiple of 1272?
False
Does 901 divide 373600551?
True
Is 21611905 a multiple of 659?
True
Does 4979 divide 2787064956?
True
Is 31 a factor of 157985982?
True
Is 61520602 a multiple of 25?
False
Is 7709598 a multiple of 18?
True
Is 52268583 a multiple of 813?
True
Does 5 divide 231794985?
True
Is 530400833 a multiple of 17?
True
Is 235056003 a multiple of 15?
False
Does 7188 divide 918022608?
True
Is 103763952 a multiple of 214?
False
Is 13520360 a multiple of 443?
True
Is 1640 a factor of 934084935?
False
Is 535 a factor of 3917270?
True
Does 213 divide 601362261?
True
Does 115 divide 1165985?
True
Is 789227166 a multiple of 3311?
False
Does 24 divide 795614880?
True
Does 2662 divide 3135748154?
True
Is 319 a factor of 131550917?
False
Does 22 divide 544379506?
True
Is 113077395 a multiple of 55?
False
Is 90 a factor of 107211690?
True
Is 18 a factor of 325171998?
True
Is 1375 a factor of 25716871?
False
Does 1501 divide 259440345?
True
Is 366915812 a multiple of 292?
True
Is 12 a factor of 332201548?
False
Is 164783150 a multiple of 70?
True
Does 404 divide 115201590?
False
Is 60519305 a multiple of 35?
True
Is 1035715657 a multiple of 3368?
False
Is 3574363882 a multiple of 133?
False
Is 15230770 a multiple of 10?
True
Is 122 a factor of 136787010?
True
Does 263 divide 48306260?
False
Is 3725 a factor of 27267000?
True
Is 3 a factor of 13733304?
True
Is 75 a factor of 38862367?
False
Does 26 divide 65529562?
False
Does 234 divide 393973544?
False
Does 5016 divide 2109599184?
True
Is 40845255 a multiple of 33?
True
Does 1104 divide 17657059?
False
Does 16 divide 307892832?
True
Does 169 divide 10337899?
True
Is 44 a factor of 26983352?
True
Is 4198224 a multiple of 149?
True
Is 1207830482 a multiple of 494?
False
Does 504 divide 693122223?
False
Does 16 divide 127140288?
True
Does 24 divide 31909940?
False
Is 2376372 a multiple of 165?
False
Is 3088624 a multiple of 8?
True
Is 3552 a factor of 52748961?
False
Does 8 divide 102715216?
True
Does 400 divide 72695600?
True
Is 112 a factor of 51878806?
False
Is 324285390 a multiple of 22?
True
Is 547 a factor of 62033747?
False
Is 66374553 a multiple of 527?
False
Is 21157136 a multiple of 572?
True
Is 26659300 a multiple of 575?
True
Is 66755130 a multiple of 6?
True
Does 2296 divide 811039040?
True
Does 1360 divide 111862910?
False
Does 101 divide 77617692?
True
Does 1119 divide 728480190?
True
Is 1595750166 a multiple of 692?
False
Does 25 divide 99936912?
False
Is 856367424 a multiple of 576?
True
Is 155828418 a multiple of 270?
False
Is 179631488 a multiple of 341?
False
Is 17220932 a multiple of 101?
False
Does 18 divide 601169382?
True
Is 118056944 a multiple of 1800?
False
Is 1475 a factor of 675702134?
False
Is 5462975 a multiple of 217?
True
Is 837122886 a multiple of 549?
True
Is 408403843 a multiple of 5544?
False
Is 2049933 a multiple of 48?
False
Does 370 divide 1472153?
False
Does 129 divide 5601123?
False
Is 60 a factor of 55086360?
True
Is 839 a factor of 16581014?
False
Is 76711825 a multiple of 7?
False
Is 3922 a factor of 2539131271?
False
Is 35450316 a multiple of 66?
True
Does 1956 divide 109293472?
Fals